(-10)/15)/(1/12). Let t = 14 + m. What is the units digit of t?
6
What is the tens digit of (-1)/((-2)/42) - -2?
2
Let v(a) = -a**2 + 8*a - 9. Let y be v(6). Let b be (0 - -54)/(y/2). Suppose -4*t = -0*t - b. What is the units digit of t?
9
Suppose 15 = -0*o + 5*o. Suppose x = -o*x. Suppose x = 5*u + 6 - 16. What is the units digit of u?
2
Let a(r) = -r**3 + 7*r**2 + 13*r - 10. Let v be a(8). Suppose 3*x + v = 162. What is the tens digit of x?
4
Suppose -17*u + 6142 - 498 = 0. What is the tens digit of u?
3
Let i(u) = 14*u**2 + u - 1. Let g be i(1). Suppose 3*c - g = 1. Let j = c + 0. What is the units digit of j?
5
Let j be (-3)/(-9)*(2 + 28). Suppose -5*z = j, 5*z + 100 = -l + 6*l. Suppose 3*r - l = 2*r. What is the units digit of r?
8
Let d be -2 + 6*(2 - 3). What is the tens digit of 8*1*(-22)/d?
2
Let o(t) = 6*t - 33. What is the tens digit of o(17)?
6
Suppose 3*a + 6 = -5*w, 0 = -4*a - 3*w - 2 + 5. Suppose a*r - 9 - 30 = 0. What is the units digit of r?
3
Let u be (-3)/(-2) - (-1)/2. Suppose -3*g + 2*f = -82, -6*g - 4*f = -u*g - 96. What is the tens digit of g?
2
Suppose 0*p + p - 5 = 0. Let n = -2 + p. Suppose n = m - 1. What is the units digit of m?
4
Let v = -329 - -565. What is the units digit of v?
6
Let i(o) = -o**3 - 9*o**2 - 11*o - 7. What is the tens digit of i(-8)?
1
Let q(z) = 2*z - 7. Suppose -4 = -4*o + 4, 0 = -2*r + o + 10. What is the units digit of q(r)?
5
Let g = 7 + 7. Let j = -8 + g. What is the units digit of j?
6
Suppose 0 = -5*o + 5*u - 20, 2*o - 2*u + 13 = -o. Let z(f) = f**2 + 5*f + 2. Let t be z(o). Suppose -m - t = -2*m. What is the units digit of m?
2
Let a(l) be the third derivative of l**4/12 + l**3/2 - 3*l**2. What is the units digit of a(2)?
7
Suppose 4 = -5*v + 7*v. Let z(n) = 3*n**3 - n**2 - 2*n. What is the tens digit of z(v)?
1
Suppose 3*u + 3 = -4*g, 5*g + 0 + 5 = -4*u. Let a = u + 7. Suppose a*s - 24 = -2*s. What is the units digit of s?
6
Let h = 46 - 30. What is the tens digit of h?
1
Suppose 8 = -3*p + 14. What is the units digit of p?
2
Suppose 2*d + 16 = 3*y, 0 = 4*y + 2*d + 3*d - 6. Suppose 5*v - 3 = -y*k - 4, v - 19 = 4*k. Let s(a) = -a**2 - 7*a. What is the units digit of s(k)?
2
Suppose -d + 2 = 3*x, -d - 8 = -2*x - 0*d. What is the units digit of x?
2
Let c(w) = -3*w - 9. Let k be c(-5). What is the units digit of (-10 + k)/(1/(-2))?
8
Suppose -36 = 4*d - 4*r, 2 = 4*d + 3*r + 3. Let h = d - -5. Suppose -4*y = 4, m = -y + 6 + h. What is the units digit of m?
8
Let t = -12 + 4. Let l = t - -17. Let u = l + -7. What is the units digit of u?
2
What is the hundreds digit of 127 + -1 + ((-4)/4 - 0)?
1
Let h(m) be the third derivative of m**5/60 - m**4/12 + m**3/2 - m**2. Suppose 1 = 5*w - 14. What is the units digit of h(w)?
6
Suppose 4 = 15*w - 13*w. What is the units digit of w?
2
Suppose -8*q = -3*q - 15. Let z = q + -1. Let h = z - 0. What is the units digit of h?
2
Let t = -174 + 296. Suppose -4*f + 23 = k, 6*k - 2*k - t = -f. What is the tens digit of k?
3
Let t(n) = n**2 + 3*n + 4. Let v be t(-3). Suppose 3*f + 6 = v*f. Suppose -z = -2*z + f. What is the units digit of z?
6
Suppose -2*n + 249 = 14*c - 13*c, -3*n = c - 374. What is the tens digit of n?
2
Suppose -3*q + 5*d + 71 = 0, -5*q - 4*d + 98 + 82 = 0. What is the units digit of q?
2
Suppose 0*k = -k - 2. Let c be (-3 - k)*-11 - 2. Suppose c = 3*g - 0. What is the units digit of g?
3
Let f = -4 - -6. Suppose 0 = -f*k + 7*k + 140. What is the units digit of k/(-12) - 2/6?
2
Suppose 168 = -2*r + 5*r. What is the tens digit of r?
5
Let u(b) = -b + 3. Let r be u(4). Let s be 3 + r*2/2. What is the units digit of (-3 - -1)/((-1)/s)?
4
Let u(i) = -i**2 + 6*i. Let y be u(5). Suppose -w = -2*o - 28, -140 = -y*w - 2*o + 6*o. What is the units digit of w?
8
Suppose -2*a + 121 = 2*a - 5*t, -a = -5*t - 19. Suppose 107 = 5*i + 2*h, i + 9 = -4*h + a. What is the tens digit of i?
2
Suppose 4*d - 2*d - t = 78, 5*t = d - 57. What is the tens digit of d?
3
Suppose h + 21 = 4*h. Suppose -i + 3 + h = 0. What is the tens digit of i?
1
Suppose 30*g - 26*g = 124. What is the units digit of g?
1
Let s(l) = -l**3 - 6*l**2 + 5*l - 10. Let c be s(-7). Suppose c*q = -q - 10, -f = 3*q - 10. What is the tens digit of f?
1
What is the units digit of -3 - (-57 + -2) - 1?
5
Suppose 2*g - 271 = -3*b + 7*g, -3*g - 6 = 0. What is the units digit of b?
7
Suppose 2*n - 3*x - 1 = 0, -5*n = -2*x + 2 - 21. Let m = 11 - n. What is the units digit of m?
6
Let u(q) = 33*q**3 - 2*q**2 - 4*q + 5. What is the hundreds digit of u(2)?
2
Suppose -5*n + 0 + 10 = 0. Let q = n - -3. Suppose -2*l + q + 0 = 3*y, 4*l + 20 = 0. What is the units digit of y?
5
Let z(t) = -t**3 - 5*t**2 + 4*t + 6. Suppose -7*y = -2*y + 30. Let q be z(y). Let u = q + -11. What is the units digit of u?
7
Let c = 3 - -2. Let v = 1 - c. Let f = v - -18. What is the units digit of f?
4
Suppose 3*w + 19 - 133 = 0. What is the units digit of w?
8
Suppose -4*k + 24 = -2*x, -3 - 5 = -5*k - 3*x. Let z = k - 1. Let m = 4 - z. What is the units digit of m?
1
Let o = -2 + 56. What is the tens digit of o?
5
Let p(t) = -t - 2. Let c be p(6). What is the units digit of c/12*(-204)/8?
7
Suppose 2*m + 3*x + 1 = -2*m, 4*m = x + 11. Suppose 3*k = 5*k + 4, -m*k - 19 = -b. What is the tens digit of b?
1
Let r(m) = m**2 - 9*m - 3. Let v be r(10). What is the units digit of (v/4)/(3/12)?
7
Suppose -2*j + 814 = 3*n, 5*j - j = 20. What is the units digit of n?
8
Let t(i) = i**3 + 4*i**2 - 7*i - 4. Let w be t(-5). Suppose -w*v = -v + 10. Let o = v + 3. What is the units digit of o?
1
Let c(l) = 2*l - 3. Suppose -15 = -3*s + 12. Let u = -3 + s. What is the units digit of c(u)?
9
Suppose 272 = 6*l - 916. What is the hundreds digit of l?
1
Suppose -1040 = b - 9*b. What is the tens digit of b?
3
Suppose 3*g - 383 = n, -2*g + 6*g + 5*n = 479. What is the hundreds digit of g?
1
Let d = 0 - -3. Suppose 4*o - 5*f - 22 = d*o, -o = 4*f - 40. What is the tens digit of o?
3
Suppose 3*j + j - 72 = 2*l, -5*j - l + 76 = 0. Let a = -9 + 36. Let f = a - j. What is the units digit of f?
1
Let z be 0/((-6)/(0 - -3)). Suppose z = -2*p + 7*p + 5. Let i = 14 + p. What is the units digit of i?
3
Let v be 5/(2*(-3)/(-6)). Suppose -10 = -3*l + 5*r, -23 = -v*l - 0*l + 2*r. What is the units digit of l?
5
Suppose -3*g - 3*c + c = -329, -546 = -5*g - c. What is the hundreds digit of g?
1
Let k = 6 - 3. Suppose k*i = -2*i + 35. What is the units digit of i?
7
Suppose 0*g - 3*g = -6. Let w(i) = -i**2 - 4*i + 2 + 3*i**3 + 2 - 1. What is the tens digit of w(g)?
1
Let c(k) = -7*k - 12. What is the tens digit of c(-5)?
2
Suppose -9 = -6*r + 3*r, -v = 4*r - 280. What is the units digit of v?
8
Let x be 2/(-3)*(-9)/3. Let s be (-116)/8*x*1. Let d = -19 - s. What is the units digit of d?
0
Let d(t) = -12*t - 10. Let p be d(-6). Let x = -35 + p. What is the tens digit of x?
2
Suppose 7*m - 35 = 2*m. Let o = -4 + m. Suppose -o*d + 9 = 3. What is the units digit of d?
2
Suppose -l + 3*l - 6 = 0. Suppose 2*z - 98 = -4*w, 0 = w + 4*w - l*z - 117. What is the units digit of w?
4
Let x(o) = -11*o - 12 - 3*o - o**2 + o. Let p = -17 + 6. What is the tens digit of x(p)?
1
Let g be -1 + 1 - (-1 - 4). Suppose 0 = g*u - 3 - 2. What is the units digit of 75/12 + u/(-4)?
6
Let v(r) be the first derivative of r**2/2 - r - 3. Let g be v(3). Suppose 0 = t + g*t - 24. What is the units digit of t?
8
Let f(y) = y**3 - 2*y**2 + 4*y + 1. Let w = -4 - -7. What is the tens digit of f(w)?
2
Let w(f) = f**2 + 8*f + 9. Let v be w(-4). Let c(b) = 6*b + 3. Let j be c(-3). Let r = v - j. What is the units digit of r?
8
Let m(g) be the third derivative of g**6/24 - g**5/30 + g**4/12 - g**3/3 + 2*g**2. What is the tens digit of m(2)?
3
Let g(u) = -u**3 + 4*u**2 - 3*u. Let o be g(2). What is the tens digit of 1*o*(-11)/(-2)?
1
Let t(l) = -l**3 - 8*l**2 + 7*l - 13. Let s be t(-9). Suppose -s*q - 10 = 0, -6*w = -5*w - 5*q - 12. Let z = w + 5. What is the units digit of z?
7
Let g(d) = -d**3 - 5*d - 5*d**2 - 7 + 1 - d + 13*d**2. What is the units digit of g(7)?
1
Let x = 17 + -1. What is the tens digit of x?
1
Suppose 53 = 4*r - 39. What is the units digit of r?
3
Let t(a) = 2*a - 9. Let y be t(-9). Let s = -12 - y. What is the tens digit of s?
1
Let p be 990/77 - 2/(-14). Suppose 17*o = p*o + 108. What